{"id":475,"date":"2026-03-29T14:17:43","date_gmt":"2026-03-29T14:17:43","guid":{"rendered":"https:\/\/tosepela.com\/?page_id=475"},"modified":"2026-03-29T16:40:48","modified_gmt":"2026-03-29T16:40:48","slug":"a-propos","status":"publish","type":"page","link":"https:\/\/tosepela.com\/index.php\/a-propos\/","title":{"rendered":"A propos"},"content":{"rendered":"\t\t<div data-elementor-type=\"wp-page\" data-elementor-id=\"475\" class=\"elementor elementor-475\" data-elementor-post-type=\"page\">\n\t\t\t\t<div class=\"elementor-element elementor-element-1c7192af e-con-full e-flex e-con e-parent\" data-id=\"1c7192af\" data-element_type=\"container\" data-e-type=\"container\" data-settings=\"{&quot;background_background&quot;:&quot;classic&quot;}\">\n\t\t<div class=\"elementor-element elementor-element-451db836 e-con-full e-flex e-con e-child\" data-id=\"451db836\" data-element_type=\"container\" data-e-type=\"container\">\n\t\t\t\t<div class=\"elementor-element elementor-element-6d0ed33f elementor-widget__width-inherit elementor-widget-divider--view-line elementor-invisible elementor-widget elementor-widget-divider\" data-id=\"6d0ed33f\" data-element_type=\"widget\" data-e-type=\"widget\" data-settings=\"{&quot;_animation&quot;:&quot;fadeInLeft&quot;}\" data-widget_type=\"divider.default\">\n\t\t\t\t\t\t\t<div class=\"elementor-divider\">\n\t\t\t<span class=\"elementor-divider-separator\">\n\t\t\t\t\t\t<\/span>\n\t\t<\/div>\n\t\t\t\t\t\t<\/div>\n\t\t\t\t<div class=\"elementor-element elementor-element-9be468e elementor-widget__width-initial elementor-widget-tablet__width-inherit elementor-widget elementor-widget-heading\" data-id=\"9be468e\" data-element_type=\"widget\" data-e-type=\"widget\" data-widget_type=\"heading.default\">\n\t\t\t\t\t<h2 class=\"elementor-heading-title elementor-size-default\">Qui sommes-nous?<\/h2>\t\t\t\t<\/div>\n\t\t\t\t<div class=\"elementor-element elementor-element-3c4a747a elementor-widget__width-initial elementor-widget-tablet__width-inherit elementor-widget elementor-widget-text-editor\" data-id=\"3c4a747a\" data-element_type=\"widget\" data-e-type=\"widget\" data-widget_type=\"text-editor.default\">\n\t\t\t\t\t\t\t\t\t<p data-start=\"242\" data-end=\"428\"><strong data-start=\"242\" data-end=\"254\">TOSEPELA<\/strong> est une entreprise multiservices qui accompagne les particuliers, entreprises et organisations dans la r\u00e9alisation de leurs projets \u00e0 travers une offre compl\u00e8te de services.<\/p>\n<p data-start=\"430\" data-end=\"623\">Gr\u00e2ce \u00e0 une approche int\u00e9gr\u00e9e, nous intervenons dans plusieurs domaines cl\u00e9s tels que le voyage, l\u2019\u00e9v\u00e9nementiel, les technologies de l\u2019information, les \u00e9tudes de march\u00e9 et le marketing digital.<\/p>\n<p data-start=\"625\" data-end=\"773\">Notre ambition est de <strong data-start=\"647\" data-end=\"683\">simplifier la vie de nos clients<\/strong> en leur proposant des solutions fiables, rapides et adapt\u00e9es \u00e0 leurs besoins sp\u00e9cifiques.<\/p>\t\t\t\t\t\t\t\t<\/div>\n\t\t\t\t<\/div>\n\t\t<div class=\"elementor-element elementor-element-6378b98e e-flex e-con-boxed e-con e-child\" data-id=\"6378b98e\" data-element_type=\"container\" data-e-type=\"container\">\n\t\t\t\t\t<div class=\"e-con-inner\">\n\t\t\t\t<div class=\"elementor-element elementor-element-73fd6963 elementor-invisible elementor-widget elementor-widget-icon-box\" data-id=\"73fd6963\" data-element_type=\"widget\" data-e-type=\"widget\" data-settings=\"{&quot;_animation&quot;:&quot;fadeInUp&quot;}\" data-widget_type=\"icon-box.default\">\n\t\t\t\t\t\t\t<div class=\"elementor-icon-box-wrapper\">\n\n\t\t\t\n\t\t\t\t\t\t<div class=\"elementor-icon-box-content\">\n\n\t\t\t\t\t\t\t\t\t<h3 class=\"elementor-icon-box-title\">\n\t\t\t\t\t\t<span  >\n\t\t\t\t\t\t\tMission\t\t\t\t\t\t<\/span>\n\t\t\t\t\t<\/h3>\n\t\t\t\t\n\t\t\t\t\t\t\t\t\t<p class=\"elementor-icon-box-description\">\n\t\t\t\t\t\tOffrir des services de qualit\u00e9 dans plusieurs domaines afin de r\u00e9pondre efficacement aux besoins de nos clients, en garantissant professionnalisme, r\u00e9activit\u00e9 et satisfaction.\t\t\t\t\t<\/p>\n\t\t\t\t\n\t\t\t<\/div>\n\t\t\t\n\t\t<\/div>\n\t\t\t\t\t\t<\/div>\n\t\t\t\t<div class=\"elementor-element elementor-element-41950470 elementor-invisible elementor-widget elementor-widget-icon-box\" data-id=\"41950470\" data-element_type=\"widget\" data-e-type=\"widget\" data-settings=\"{&quot;_animation&quot;:&quot;fadeInUp&quot;}\" data-widget_type=\"icon-box.default\">\n\t\t\t\t\t\t\t<div class=\"elementor-icon-box-wrapper\">\n\n\t\t\t\n\t\t\t\t\t\t<div class=\"elementor-icon-box-content\">\n\n\t\t\t\t\t\t\t\t\t<h3 class=\"elementor-icon-box-title\">\n\t\t\t\t\t\t<span  >\n\t\t\t\t\t\t\tVision\t\t\t\t\t\t<\/span>\n\t\t\t\t\t<\/h3>\n\t\t\t\t\n\t\t\t\t\t\t\t\t\t<p class=\"elementor-icon-box-description\">\n\t\t\t\t\t\tDevenir une entreprise de r\u00e9f\u00e9rence en mati\u00e8re de services int\u00e9gr\u00e9s, reconnue pour son efficacit\u00e9, son innovation et sa capacit\u00e9 \u00e0 accompagner durablement ses clients en Afrique et au-del\u00e0.\t\t\t\t\t<\/p>\n\t\t\t\t\n\t\t\t<\/div>\n\t\t\t\n\t\t<\/div>\n\t\t\t\t\t\t<\/div>\n\t\t\t\t\t<\/div>\n\t\t\t\t<\/div>\n\t\t\t\t<\/div>\n\t\t<div class=\"elementor-element elementor-element-6309d7e7 e-con-full e-flex e-con e-parent\" data-id=\"6309d7e7\" data-element_type=\"container\" data-e-type=\"container\" data-settings=\"{&quot;background_background&quot;:&quot;classic&quot;}\">\n\t\t<div class=\"elementor-element elementor-element-49bc96a4 e-flex e-con-boxed e-con e-child\" data-id=\"49bc96a4\" data-element_type=\"container\" data-e-type=\"container\">\n\t\t\t\t\t<div class=\"e-con-inner\">\n\t\t\t\t<div class=\"elementor-element elementor-element-4727c0c3 animated-slow elementor-invisible elementor-widget elementor-widget-heading\" data-id=\"4727c0c3\" data-element_type=\"widget\" data-e-type=\"widget\" data-settings=\"{&quot;_animation&quot;:&quot;slideInUp&quot;}\" data-widget_type=\"heading.default\">\n\t\t\t\t\t<h3 class=\"elementor-heading-title elementor-size-default\">Equipe<\/h3>\t\t\t\t<\/div>\n\t\t\t\t\t<\/div>\n\t\t\t\t<\/div>\n\t\t<div class=\"elementor-element elementor-element-1f0675f4 e-con-full e-flex e-con e-child\" data-id=\"1f0675f4\" data-element_type=\"container\" data-e-type=\"container\">\n\t\t<div class=\"elementor-element elementor-element-23b7842b animated-slow e-con-full e-flex elementor-invisible e-con e-child\" data-id=\"23b7842b\" data-element_type=\"container\" data-e-type=\"container\" data-settings=\"{&quot;background_background&quot;:&quot;classic&quot;,&quot;animation&quot;:&quot;fadeInUp&quot;,&quot;animation_delay&quot;:600}\">\n\t\t\t\t<\/div>\n\t\t<div class=\"elementor-element elementor-element-860368d e-con-full e-flex e-con e-child\" data-id=\"860368d\" data-element_type=\"container\" data-e-type=\"container\">\n\t\t\t\t<div class=\"elementor-element elementor-element-4dfda338 elementor-widget elementor-widget-text-editor\" data-id=\"4dfda338\" data-element_type=\"widget\" data-e-type=\"widget\" data-widget_type=\"text-editor.default\">\n\t\t\t\t\t\t\t\t\t<p data-start=\"2444\" data-end=\"2539\">TOSEPELA s\u2019appuie sur une \u00e9quipe dynamique, comp\u00e9tente et engag\u00e9e, compos\u00e9e de profils vari\u00e9s :<\/p>\n<ul data-start=\"2541\" data-end=\"2727\"><li data-start=\"2541\" data-end=\"2576\">\nExperts en voyage et logistique\n<\/li><li data-start=\"2577\" data-end=\"2609\">\nSp\u00e9cialistes en \u00e9v\u00e9nementiel\n<\/li><li data-start=\"2610\" data-end=\"2642\">\nTechniciens et ing\u00e9nieurs IT\n<\/li><li data-start=\"2643\" data-end=\"2687\">\nCharg\u00e9s d\u2019\u00e9tudes et analystes de donn\u00e9es\n<\/li><li data-start=\"2688\" data-end=\"2727\">\nProfessionnels du marketing digital\n<\/li><\/ul>\n<p data-start=\"2729\" data-end=\"2836\">Cette diversit\u00e9 de comp\u00e9tences nous permet de proposer des solutions compl\u00e8tes et adapt\u00e9es \u00e0 chaque client.<\/p>\t\t\t\t\t\t\t\t<\/div>\n\t\t\t\t<\/div>\n\t\t\t\t<\/div>\n\t\t\t\t<\/div>\n\t\t\t\t<\/div>\n\t\t","protected":false},"excerpt":{"rendered":"<p>Qui sommes-nous? TOSEPELA est une entreprise multiservices qui accompagne les particuliers, entreprises et organisations dans la r\u00e9alisation de leurs projets \u00e0 travers une offre compl\u00e8te de services. Gr\u00e2ce \u00e0 une approche int\u00e9gr\u00e9e, nous intervenons dans plusieurs domaines cl\u00e9s tels que le voyage, l\u2019\u00e9v\u00e9nementiel, les technologies de l\u2019information, les \u00e9tudes de march\u00e9 et le marketing digital. [&hellip;]<\/p>\n","protected":false},"author":1,"featured_media":0,"parent":0,"menu_order":0,"comment_status":"closed","ping_status":"closed","template":"","meta":{"footnotes":""},"class_list":["post-475","page","type-page","status-publish","hentry"],"_links":{"self":[{"href":"https:\/\/tosepela.com\/index.php\/wp-json\/wp\/v2\/pages\/475","targetHints":{"allow":["GET"]}}],"collection":[{"href":"https:\/\/tosepela.com\/index.php\/wp-json\/wp\/v2\/pages"}],"about":[{"href":"https:\/\/tosepela.com\/index.php\/wp-json\/wp\/v2\/types\/page"}],"author":[{"embeddable":true,"href":"https:\/\/tosepela.com\/index.php\/wp-json\/wp\/v2\/users\/1"}],"replies":[{"embeddable":true,"href":"https:\/\/tosepela.com\/index.php\/wp-json\/wp\/v2\/comments?post=475"}],"version-history":[{"count":22,"href":"https:\/\/tosepela.com\/index.php\/wp-json\/wp\/v2\/pages\/475\/revisions"}],"predecessor-version":[{"id":514,"href":"https:\/\/tosepela.com\/index.php\/wp-json\/wp\/v2\/pages\/475\/revisions\/514"}],"wp:attachment":[{"href":"https:\/\/tosepela.com\/index.php\/wp-json\/wp\/v2\/media?parent=475"}],"curies":[{"name":"wp","href":"https:\/\/api.w.org\/{rel}","templated":true}]}}